ulate q(5).
7
Let h(q) = 3*q**2 + 2*q. Let b be h(-2). Let v(u) = -u**3 + 7*u**2 + 4*u + 10. What is v(b)?
-22
Let u(t) = -2*t - 2. Let f be u(-2). Suppose -5*c = f - 22. Let s = 5 - c. Let d(p) = 5*p - 1. Calculate d(s).
4
Let y(c) = -c**3 - 2*c**2 - 1. Let o = -3 + 11. Suppose 0 = i - 5 + o. What is y(i)?
8
Let k(j) = 3*j - 2. Let u = 1 + 4. Suppose 0 = -q + u*q - 12. Give k(q).
7
Suppose w + 4 - 6 = 0. Let d = -6 - -11. Let f(n) = n**2 + d*n - n + w + 0*n. Calculate f(-4).
2
Let b(m) be the second derivative of -m**4/12 - 3*m**3/2 + 5*m**2 - 15*m. Calculate b(-10).
0
Let f(n) = 3*n - 12. Let y(q) = -q + 4. Let d(i) = 2*f(i) + 7*y(i). What is d(-7)?
11
Let r(q) = 2*q - 3. Let c(x) = 2*x + 7*x**3 - 7*x**3 + 3*x**2 + 2 + 0*x**3 + x**3. Let p be c(-3). What is r(p)?
-11
Let q = 4 + -8. Suppose 1 - 13 = -3*n. Let p(h) = -4*h**2 - n*h**3 + 5*h**3 + 5 + 2*h - 2*h**3. Determine p(q).
-3
Let z(m) = m**2 + 2*m + 4. Let f be z(-2). Let r(d) be the first derivative of d**4/4 - d**3 - 3*d**2 + 4*d - 1. What is r(f)?
-4
Let y = 1 - -8. Let v(g) = 2*g - 3*g - y*g**3 + 8*g**3. Calculate v(0).
0
Suppose -4*h + 3 - 12 = 3*z, -2*z - 1 = h. Let q(w) be the second derivative of -w**4/6 - w**3/2 + w**2/2 + w. What is q(h)?
-8
Let z = 37 - 32. Let o(i) = -2*i**3 - i**2 - 7*i - 2. Let r(b) = -5*b**3 - b**2 - 15*b - 4. Let f(a) = 7*o(a) - 3*r(a). What is f(z)?
3
Let i(h) = -2*h - 1 + 4*h + 2. Let v(n) = -5*n - 3. Let k(u) = 8*i(u) + 3*v(u). What is k(5)?
4
Let b be 0/(1 + (1 - 6)). Let q be 2 - (-12)/(-3) - -6. Let s(m) = 3*m + q + m - 3*m + 0*m. Give s(b).
4
Let m be ((-6)/4)/(6/36). Let p be m/(-2) - (-2)/(-4). Let w(y) = -y**3 + 4*y**2 - 3. Determine w(p).
-3
Let v(f) = 3*f**3 - 4*f**2 + 10*f + 7. Let a(n) = 5*n**3 - 9*n**2 + 20*n + 13. Let o(q) = -4*a(q) + 7*v(q). Determine o(-9).
6
Suppose -4*x = -9 - 23. Let w be x/(-4) - (-5 - 0). Let l(p) = p**2 - 4*p + 3. Calculate l(w).
0
Let f = -2 - -3. Let v(b) = -7*b**3 + 3*b**2 + 6*b - 5. Let y(o) = 6*o**3 - 2*o**2 - 5*o + 4. Let h(c) = 3*v(c) + 4*y(c). Give h(f).
3
Let i(f) be the third derivative of f**2 + 0*f**4 + 0 + 0*f + 1/6*f**3 - 1/60*f**5. Let u(l) be the first derivative of i(l). Determine u(-3).
6
Let s = 23 - 28. Let t(z) = -4*z + 5*z - 4 + 2. Determine t(s).
-7
Let o(q) be the first derivative of -q**6/360 - q**5/20 - q**4/6 + 2*q**3/3 - 4. Let c(l) be the third derivative of o(l). Let t = 12 + -16. What is c(t)?
4
Let m(k) be the third derivative of -k**5/30 - k**3/6 + k**2. Give m(-1).
-3
Let p(a) = 6*a**2 + 3*a + 1. Let k(f) = -f - 1. Let i(h) = -2*k(h) - p(h). Calculate i(1).
-6
Let x(f) be the first derivative of f**4/4 - 2*f**3/3 - f**2 - f + 2. Let z = -14 + 31. Suppose -2*d + 5*g - 25 = 3*d, 4*g = d + z. Give x(d).
-2
Let j(d) = 4 + 7*d**2 + 2*d - 14*d**2 + 4 + d**3. Determine j(6).
-16
Let c be ((-24)/15)/(4/(-10)). Let m(i) = i**3 - 4*i**2 + 3*i - 1. What is m(c)?
11
Let d = 11 + -6. Suppose d*q + 5*r = 10, -5*q = -0*q + 3*r - 6. Let l(y) = y**3 + y**2 + y + 3. Give l(q).
3
Let s be 4/(-18) - (-122)/(-18). Let m(j) = -j**2 - j + 4. Let z(t) = -3*t**2 - 4*t + 12. Let c(o) = s*m(o) + 2*z(o). What is c(0)?
-4
Let j(v) = 2*v - 39 - 3*v + 40. What is j(-2)?
3
Let c(q) = 2*q. Suppose -5*y = -0*l + 5*l + 5, -20 = -4*l + 4*y. Calculate c(l).
4
Let c(z) = -z**3 + 7*z**2 - 5*z - 2. Suppose -4*v = b - 26, -2*v + 30 = 3*b + 2. Give c(b).
4
Suppose -s + 9 = -4*s. Let m(y) = -y**3 - 2*y**2 + y - 2. Determine m(s).
4
Suppose 1 - 17 = 4*m. Let z(h) = -4*h - 1 + 0 - h**2 - 4. Let n be z(m). Let a(g) = -g - 3. Determine a(n).
2
Let l = -1 + -4. Let p(z) = -20*z - 11. Let c(o) = -7*o - 4. Let a(h) = 17*c(h) - 6*p(h). Give a(l).
-7
Let y(p) be the second derivative of -p**5/60 + p**4/6 + p**3/3 + 5*p**2 - 8*p. Let l(r) be the first derivative of y(r). Calculate l(4).
2
Let k = 12 + -14. Let b(u) be the first derivative of u - u**2 + 1/2*u**4 + 1 + 1/3*u**3. Give b(k).
-7
Let n(l) = -14*l. Let g(f) = -30*f. Let k(o) = -6*g(o) + 13*n(o). Suppose -5*t - 4*v + 18 = 52, 0 = 2*t - v + 24. Let x = 7 + t. Give k(x).
6
Let p(x) be the first derivative of x**2/2 - x + 1. Let s(y) = -y**2 + 5*y + 6. Let z be s(5). Let n = z + -10. What is p(n)?
-5
Let d(z) = -z + 19. Let n be d(12). Let h(m) = m**2 - 5*m - 5. Calculate h(n).
9
Suppose 8*f = 12*f - 44. Let x(y) = -4*y + 4. Let j(p) = p**2 - 11*p + 11. Let s(v) = f*x(v) - 4*j(v). Give s(2).
-16
Let m(d) = -d**2 + 3*d + 7. Let j(v) = 2*v + 49. Let o be j(-22). Determine m(o).
-3
Let x(v) be the third derivative of -v**6/120 + v**5/12 - v**4/6 - 7*v**2. Suppose 0 = 3*g - g - 6. Calculate x(g).
6
Let r(h) be the third derivative of -h**7/2520 - h**6/144 - h**5/40 - h**4/6 + 4*h**2. Let n(m) be the second derivative of r(m). Determine n(-4).
1
Let s be (-18)/(-8) + -2 + -1 + 1. Let a(m) be the first derivative of -2 - 3/2*m**2 + s*m**4 - m**3 + 5*m. Give a(4).
9
Suppose 30 = -4*k - k. Let z(n) = 6*n + 21. Let s(a) = -21 + 0*a + 11 - 3*a. Let q(o) = k*z(o) - 13*s(o). What is q(-3)?
-5
Let k(h) be the second derivative of 1/12*h**4 + 0 + 4*h - 1/6*h**3 - 2*h**2. What is k(3)?
2
Let u(v) be the first derivative of -v**3/3 - v**2/2 - v + 3. Let d(r) = -r**3 + 5*r**2 + 3*r + 4. Let y(q) = -d(q) - 4*u(q). What is y(2)?
6
Let l(z) = -2*z**3 - 3*z**2 + 7*z - 6. Let t(b) = -b**3 + b**2. Let c(a) = a**3 + 8*a**2 + 7*a - 3. Let y be c(-7). Let p(f) = y*t(f) + l(f). Give p(5).
4
Let n(q) = 6*q**3 - 2*q**2 - q. Suppose 5 = -8*l - 3. Give n(l).
-7
Let h(f) = -21 + 17 + 9 + f**2 + f. Determine h(0).
5
Let g(z) = 4*z**2 - 9*z + 4. Let d(f) = -7*f**2 + 17*f - 7. Let x(o) = -3*d(o) - 5*g(o). Let h be -3 + 0 - (1 - -2). Let i = 9 + h. Give x(i).
-8
Let l(y) be the first derivative of -y**3/3 + 5*y**2/2 - 5*y - 1. Let a be -9*(10/(-6) - -1). Determine l(a).
-11
Let v(s) = 4*s**3 + 5*s**2 - 3*s - 6. Let b(r) = -r**3 - r - 1. Let f(a) = -3*b(a) - v(a). What is f(-6)?
9
Let u(f) = f**2 + f. Let i be 6/(-4) - (-4)/8. Let w = 0 - i. What is u(w)?
2
Suppose -4 = 5*d - k + 22, d = 5*k - 10. Let o(j) = j**2 + j - 7. Let s(l) = -3*l**2 - 2*l + 21. Let v(f) = 7*o(f) + 2*s(f). Give v(d).
3
Let k(a) be the second derivative of -a**5/10 + a**4/3 + a**3/3 - a**2 - 14*a. What is k(3)?
-14
Let u(n) = 2*n - 1. Let s(l) = 0*l**3 - 3*l**3 + 1 - 2*l + 5*l**3 - 3*l**3. Let j be s(2). Let b = -8 - j. Give u(b).
5
Let w(o) = -o**2 - 6*o + 2. Let c(k) be the first derivative of -k**3/3 + 3*k**2 + k + 3. Let x be c(7). What is w(x)?
2
Let g be 20/15*6/4. Let z(c) = -c**3 - c - 2*c**2 - g*c**2 - 4*c - 4. Let i = -6 - -3. What is z(i)?
2
Let t(i) be the second derivative of i**7/840 - i**6/120 - i**5/120 + i**4/24 - i**3/2 + 2*i. Let g(j) be the second derivative of t(j). Calculate g(2).
-5
Suppose -52*u - 6 = -54*u. Let o(q) be the second derivative of 0 - 1/6*q**3 + u*q - 5/2*q**2. Determine o(5).
-10
Let m(j) = 6*j. Suppose 1 = 4*w - 3. Calculate m(w).
6
Let p(o) be the second derivative of -4*o - 4*o**2 + 0 - 1/2*o**4 - 1/3*o**3 - 1/20*o**5. Calculate p(-6).
4
Let g(k) be the third derivative of -k**7/840 - k**6/72 - k**5/24 + k**3/6 + 3*k**2. Let m(a) be the first derivative of g(a). What is m(-4)?
4
Let d(k) = -2*k**3 + 2*k + 1. Suppose s = -p - 4*s + 14, 0 = p - s - 8. Suppose -2*j + 3*g - p = -5*j, 5*g - 25 = 5*j. Calculate d(j).
1
Let w(b) be the second derivative of -b**5/20 - 5*b**4/12 + b**3 - 5*b**2/2 + 4*b. Determine w(-6).
-5
Let u(y) = -y + 9. Suppose 2*c - 4 = 3*g - 5*g, 4*c - 20 = 2*g. Suppose c*j - j = 0. Give u(j).
9
Let k(h) = h**3 + 3*h**2 - 6*h - 4. Let i = -81 + 77. Give k(i).
4
Let x(p) = -p**3 + p**2 + 2*p + 7. Let q be x(3). Let f(t) = 0*t + 2*t + 3 + 0. What is f(q)?
-7
Let z(f) = f**2 + 6*f. Let b(u) = -3*u**2 - 17*u. Let v(j) = -6*b(j) - 17*z(j). Let y(d) = -6*d**2 + 1. Let h(g) = -3*v(g) - y(g). Give h(1).
2
Let x(w) = -w**2 - 5*w + 3. Let r(d) = -d**2 - 4*d + 3. Let k(a) = 5*r(a) - 4*x(a). Suppose -9 = -3*t - 3. Let y be 4/t + 2 - 1. Give k(y).
-6
Let t = -19 - -17. Let c(b) = -b**2 - 5*b - 1. What is c(t)?
5
Suppose 4*x + 10 = 9*x. Let g(f) = 3*f**2 - 4*f**x + 2*f + 2*f + 4. Suppose 0 = 6*k - 11*k + 25. What is g(k)?
-1
Suppose -4*l + 12 = 2*y, 2*y + 2 = 4*l - y. Let m(s) = -s**3 - 4*s**2 + 5*s**2 + l + s - 4*s. Calculate m(2).
-8
Suppose f - 8 = 3*b, 4*f - 6 = -2*b - 2. Let m(u) = -3*u**2